6
Calculate the remainder when 4538 is divided by 1476.
110
Calculate the remainder when 3302 is divided by 196.
166
Calculate the remainder when 53516 is divided by 8918.
8
Calculate the remainder when 4339410 is divided by 31.
30
What is the remainder when 124843 is divided by 35?
33
Calculate the remainder when 87201 is divided by 86.
83
Calculate the remainder when 203547 is divided by 40682.
137
Calculate the remainder when 1784 is divided by 230.
174
What is the remainder when 8998 is divided by 8980?
18
Calculate the remainder when 133954 is divided by 11.
7
What is the remainder when 3407 is divided by 284?
283
What is the remainder when 2510 is divided by 822?
44
Calculate the remainder when 6479 is divided by 103.
93
Calculate the remainder when 8374 is divided by 2050.
174
What is the remainder when 437691 is divided by 40?
11
Calculate the remainder when 25419 is divided by 11.
9
What is the remainder when 10590 is divided by 37?
8
Calculate the remainder when 23165 is divided by 1419.
461
What is the remainder when 479668 is divided by 21?
7
What is the remainder when 11369 is divided by 183?
23
What is the remainder when 79 is divided by 23?
10
What is the remainder when 75568 is divided by 173?
140
Calculate the remainder when 28369 is divided by 30.
19
What is the remainder when 16388 is divided by 221?
34
Calculate the remainder when 40300 is divided by 40034.
266
Calculate the remainder when 2921 is divided by 888.
257
What is the remainder when 8776 is divided by 39?
1
What is the remainder when 141501 is divided by 268?
265
Calculate the remainder when 41487 is divided by 90.
87
What is the remainder when 91901 is divided by 128?
125
What is the remainder when 1350 is divided by 326?
46
Calculate the remainder when 581 is divided by 91.
35
What is the remainder when 2608 is divided by 1288?
32
Calculate the remainder when 522869 is divided by 117.
113
What is the remainder when 10756 is divided by 47?
40
Calculate the remainder when 42371 is divided by 9.
8
What is the remainder when 6769 is divided by 631?
459
What is the remainder when 7483 is divided by 162?
31
What is the remainder when 4820 is divided by 2382?
56
What is the remainder when 17155 is divided by 129?
127
What is the remainder when 432 is divided by 163?
106
What is the remainder when 194 is divided by 139?
55
Calculate the remainder when 30279 is divided by 42.
39
Calculate the remainder when 256 is divided by 142.
114
What is the remainder when 176959 is divided by 160?
159
What is the remainder when 1829 is divided by 724?
381
What is the remainder when 41567 is divided by 730?
687
What is the remainder when 75304 is divided by 10752?
40
What is the remainder when 36886 is divided by 12200?
286
What is the remainder when 1593560 is divided by 436?
416
Calculate the remainder when 1227 is divided by 2.
1
Calculate the remainder when 197609 is divided by 65867.
8
What is the remainder when 2136 is divided by 61?
1
What is the remainder when 7319 is divided by 106?
5
Calculate the remainder when 838 is divided by 233.
139
Calculate the remainder when 10900 is divided by 26.
6
What is the remainder when 5927 is divided by 7?
5
Calculate the remainder when 11818 is divided by 625.
568
What is the remainder when 3367 is divided by 8?
7
Calculate the remainder when 1388 is divided by 1168.
220
Calculate the remainder when 7904846 is divided by 23.
22
What is the remainder when 394648 is divided by 70?
58
What is the remainder when 572 is divided by 188?
8
Calculate the remainder when 2141 is divided by 2037.
104
Calculate the remainder when 40253 is divided by 629.
626
What is the remainder when 75586 is divided by 734?
718
Calculate the remainder when 34235 is divided by 274.
259
Calculate the remainder when 13301 is divided by 173.
153
What is the remainder when 104604 is divided by 20913?
39
What is the remainder when 29981 is divided by 233?
157
Calculate the remainder when 293576 is divided by 13.
10
What is the remainder when 3723 is divided by 1532?
659
What is the remainder when 7221 is divided by 39?
6
Calculate the remainder when 86517 is divided by 105.
102
Calculate the remainder when 201155 is divided by 67046.
17
What is the remainder when 2284288 is divided by 18?
16
Calculate the remainder when 658988 is divided by 25.
13
Calculate the remainder when 42581 is divided by 967.
33
What is the remainder when 73669 is divided by 1169?
22
Calculate the remainder when 785 is divided by 38.
25
What is the remainder when 50758 is divided by 12?
10
What is the remainder when 19509 is divided by 343?
301
Calculate the remainder when 8051 is divided by 1922.
363
Calculate the remainder when 5741 is divided by 53.
17
What is the remainder when 2055 is divided by 643?
126
Calculate the remainder when 736 is divided by 6.
4
What is the remainder when 1157 is divided by 255?
137
What is the remainder when 10343 is divided by 689?
8
What is the remainder when 781073 is divided by 10555?
3
What is the remainder when 1168958 is divided by 33?
32
What is the remainder when 7727 is divided by 2417?
476
Calculate the remainder when 639 is divided by 148.
47
What is the remainder when 16998 is divided by 459?
15
What is the remainder when 5601 is divided by 2762?
77
Calculate the remainder when 8579 is divided by 5.
4
What is the remainder when 156806 is divided by 484?
474
Calculate the remainder when 10405 is divided by 691.
40
What is the remainder when 39986 is divided by 737?
188
What is the remainder when 2792 is divided by 322?
216
Calculate the remainder when 7744 is divided by 3861.
22
Calculate the remainder when 1492142 is divided by 358.
356
Calculate the remainder when 404288 is divided by 61.
41
Calculate the remainder when 87865 is divided by 105.
85
What is the remainder when 103995 is divided by 51991?
13
Calculate the remainder when 1682 is divided by 207.
26
Calculate the remainder when 355210 is divided by 897.
895
Calculate the remainder when 7958 is divided by 11.
5
What is the remainder when 2258 is divided by 1113?
32
Calculate the remainder when 2270 is divided by 269.
118
Calculate the remainder when 21871 is divided by 2708.
207
What is the remainder when 1537 is divided by 85?
7
What is the remainder when 99958 is divided by 120?
118
What is the remainder when 28077 is divided by 40?
37
What is the remainder when 530 is divided by 410?
120
Calculate the remainder when 1406511 is divided by 580.
11
Calculate the remainder when 513496 is divided by 109.
106
What is the remainder when 129919 is divided by 640?
639
Calculate the remainder when 46111 is divided by 176.
175
Calculate the remainder when 192704 is divided by 14.
8
What is the remainder when 7942 is divided by 3686?
570
What is the remainder when 1732 is divided by 832?
68
What is the remainder when 3527 is divided by 475?
202
Calculate the remainder when 811330 is divided by 418.
410
Calculate the remainder when 7960 is divided by 2642.
34
Calculate the remainder when 697 is divided by 480.
217
Calculate the remainder when 6427 is divided by 1244.
207
What is the remainder when 223401 is divided by 663?
633
Calculate the remainder when 806649 is divided by 1067.
1064
Calculate the remainder when 809 is divided by 508.
301
Calculate the remainder when 625225 is divided by 14.
13
Calculate the remainder when 2896 is divided by 103.
12
What is the remainder when 1216 is divided by 10?
6
Calculate the remainder when 56493 is divided by 143.
8
Calculate the remainder when 238192 is divided by 8506.
24
Calculate the remainder when 49220 is divided by 24526.
168
What is the remainder when 47316 is divided by 133?
101
Calculate the remainder when 1576440 is divided by 69.
66
Calculate the remainder when 5402 is divided by 31.
8
What is the remainder when 559 is divided by 219?
121
What is the remainder when 1709 is divided by 155?
4
What is the remainder when 2250487 is divided by 451?
448
Calculate the remainder when 172 is divided by 107.
65
What is the remainder when 2903 is divided by 484?
483
What is the remainder when 112656 is divided by 18774?
12
What is the remainder when 134710 is divided by 37?
30
What is the remainder when 148003 is divided by 124?
71
What is the remainde